69?
0
Calculate the remainder when 453 is divided by 116.
105
Calculate the remainder when 1930 is divided by 242.
236
What is the remainder when 14149 is divided by 116?
113
Calculate the remainder when 253 is divided by 173.
80
What is the remainder when 10575 is divided by 22?
15
What is the remainder when 715 is divided by 20?
15
Calculate the remainder when 2825 is divided by 88.
9
What is the remainder when 720 is divided by 147?
132
Calculate the remainder when 353 is divided by 86.
9
Calculate the remainder when 1115 is divided by 36.
35
Calculate the remainder when 377 is divided by 112.
41
Calculate the remainder when 290 is divided by 59.
54
Calculate the remainder when 416 is divided by 29.
10
Calculate the remainder when 1225 is divided by 10.
5
What is the remainder when 313 is divided by 173?
140
Calculate the remainder when 418 is divided by 10.
8
What is the remainder when 547 is divided by 140?
127
What is the remainder when 3035 is divided by 31?
28
Calculate the remainder when 519 is divided by 188.
143
What is the remainder when 58 is divided by 49?
9
Calculate the remainder when 287 is divided by 98.
91
What is the remainder when 314 is divided by 159?
155
Calculate the remainder when 2557 is divided by 20.
17
Calculate the remainder when 30 is divided by 6.
0
What is the remainder when 207 is divided by 7?
4
Calculate the remainder when 9241 is divided by 79.
77
Calculate the remainder when 7955 is divided by 3.
2
What is the remainder when 460 is divided by 173?
114
What is the remainder when 80 is divided by 13?
2
Calculate the remainder when 372 is divided by 197.
175
What is the remainder when 1984 is divided by 43?
6
What is the remainder when 813 is divided by 386?
41
Calculate the remainder when 172 is divided by 60.
52
What is the remainder when 523 is divided by 8?
3
What is the remainder when 9598 is divided by 15?
13
What is the remainder when 104 is divided by 43?
18
Calculate the remainder when 20 is divided by 4.
0
What is the remainder when 195 is divided by 6?
3
Calculate the remainder when 826 is divided by 398.
30
Calculate the remainder when 1240 is divided by 138.
136
Calculate the remainder when 148 is divided by 144.
4
Calculate the remainder when 118 is divided by 37.
7
Calculate the remainder when 3180 is divided by 43.
41
Calculate the remainder when 1149 is divided by 18.
15
Calculate the remainder when 1608 is divided by 202.
194
What is the remainder when 12 is divided by 12?
0
What is the remainder when 67 is divided by 12?
7
Calculate the remainder when 1521 is divided by 374.
25
Calculate the remainder when 180 is divided by 17.
10
What is the remainder when 4087 is divided by 28?
27
What is the remainder when 223 is divided by 101?
21
What is the remainder when 815 is divided by 199?
19
Calculate the remainder when 59 is divided by 13.
7
Calculate the remainder when 40175 is divided by 36.
35
What is the remainder when 4965 is divided by 24?
21
What is the remainder when 311 is divided by 39?
38
Calculate the remainder when 168 is divided by 59.
50
Calculate the remainder when 88 is divided by 53.
35
Calculate the remainder when 4999 is divided by 100.
99
What is the remainder when 320 is divided by 17?
14
Calculate the remainder when 6030 is divided by 13.
11
What is the remainder when 4749 is divided by 32?
13
What is the remainder when 248 is divided by 75?
23
What is the remainder when 2338 is divided by 14?
0
Calculate the remainder when 125 is divided by 41.
2
Calculate the remainder when 76 is divided by 13.
11
What is the remainder when 1596 is divided by 17?
15
Calculate the remainder when 2445 is divided by 66.
3
What is the remainder when 1515 is divided by 22?
19
What is the remainder when 16151 is divided by 197?
194
Calculate the remainder when 470 is divided by 34.
28
Calculate the remainder when 117 is divided by 7.
5
What is the remainder when 69 is divided by 32?
5
Calculate the remainder when 458 is divided by 39.
29
Calculate the remainder when 756 is divided by 130.
106
What is the remainder when 68 is divided by 23?
22
Calculate the remainder when 4038 is divided by 150.
138
Calculate the remainder when 211 is divided by 12.
7
What is the remainder when 219 is divided by 104?
11
What is the remainder when 96 is divided by 51?
45
Calculate the remainder when 127 is divided by 72.
55
What is the remainder when 1002 is divided by 26?
14
Calculate the remainder when 555 is divided by 52.
35
Calculate the remainder when 75 is divided by 6.
3
What is the remainder when 176 is divided by 36?
32
What is the remainder when 374 is divided by 2?
0
Calculate the remainder when 260 is divided by 6.
2
What is the remainder when 1252 is divided by 66?
64
Calculate the remainder when 296 is divided by 16.
8
What is the remainder when 1107 is divided by 10?
7
Calculate the remainder when 166 is divided by 24.
22
What is the remainder when 1093 is divided by 1078?
15
Calculate the remainder when 31 is divided by 3.
1
What is the remainder when 4368 is divided by 129?
111
Calculate the remainder when 286 is divided by 9.
7
Calculate the remainder when 808 is divided by 204.
196
What is the remainder when 415 is divided by 28?
23
What is the remainder when 151 is divided by 45?
16
What is the remainder when 355 is divided by 53?
37
What is the remainder when 1585 is divided by 16?
1
Calculate the remainder when 7840 is divided by 4.
0
What is the remainder when 843 is divided by 34?
27
Calculate the remainder when 185 is divided by 57.
14
Calculate the remainder when 448 is divided by 35.
28
Calculate the remainder when 10290 is divided by 73.
70
Calculate the remainder when 755 is divided by 154.
139
What is the remainder when 316 is divided by 29?
26
What is the remainder when 239 is divided by 67?
38
What is the remainder when 47 is divided by 28?
19
Calculate the remainder when 442 is divided by 51.
34
What is the remainder when 138 is divided by 53?
32
Calculate the remainder when 80 is divided by 45.
35
Calculate the remainder when 3718 is divided by 186.
184
What is the remainder when 610 is divided by 199?
13
What is the remainder when 114 is divided by 50?
14
Calculate the remainder when 21 is divided by 7.
0
What is the remainder when 2509 is divided by 77?
45
Calculate the remainder when 1079 is divided by 18.
17
Calculate the remainder when 460 is divided by 52.
44
What is the remainder when 734 is divided by 190?
164
What is the remainder when 257 is divided by 21?
5
Calculate the remainder when 174 is divided by 22.
20
Calculate the remainder when 53 is divided by 22.
9
What is the remainder when 561 is divided by 32?
17
What is the remainder when 703 is divided by 102?
91
Calculate the remainder when 239 is divided by 15.
14
What is the remainder when 375 is divided by 7?
4
Calculate the remainder when 7473 is divided by 183.
153
Calculate the remainder when 11902 is divided by 128.
126
Calculate the remainder when 660 is divided by 28.
16
Calculate the remainder when 65 is divided by 36.
29
Calculate the remainder when 1646 is divided by 55.
51
What is the remainder when 7010 is divided by 26?
16
Calculate the remainder when 53 is divided by 27.
26
What is the remainder when 12235 is divided by 266?
265
What is the remainder when 1154 is divided by 55?
54
Calculate the remainder when 1330 is divided by 28.
14
Calculate the remainder when 327 is divided by 1.
0
What is the remainder when 25 is divided by 13?
12
What is the remainder when 1536 is divided by 506?
18
Calculate the remainder when 6488 is divided by 130.
118
What is the remainder when 101 is divided by 22?
13
Calculate the remainder when 1948 is divided by 645.
13
Calculate the remainder when 307 is divided by 77.
76
What is the remainder when 449 is divided by 23?
12
Calculate the remainder when 3746 is divided by 288.
2
Calculate the remainder when 1888 is divided by 356.
108
What is the remainder when 294 is divided by 9?
6
Calculate the remainder when 144 is divided by 57.
30
Calculate the remainder when 23 is divided by 12.
11
What is the remainder when 591 is divided by 37?
36
What is the remainder when 474 is divided by 57?
18
Calculate the remainder when 209 is divided by 66.
11
What is the remaind